 6 + 28. Calculate the remainder when u is divided by j.
2
Let u(k) be the third derivative of k**5/12 + k**3/6 + 3*k**2. Calculate the remainder when 22 is divided by u(1).
4
Suppose 0 = -b - 0*b + 14. Calculate the remainder when 0 + (209/5 - 20/25) is divided by b.
13
Suppose -3*q = 3*k - 2*k - 16, 12 = 4*q - k. Calculate the remainder when 54 is divided by q.
2
Suppose -2*j + 2*l - 6*l + 28 = 0, -2*l + 2 = -2*j. Suppose -82 = -j*r - 278. Let v = r + 83. What is the remainder when v is divided by 12?
10
Let w(q) = -q**2 + 6*q + 10. Let o be w(7). Suppose 3*y = -3*g - 3, o*y + 3*g = -y. What is the remainder when 11 is divided by y?
2
Suppose 2*k - 93 - 1 = 0. Suppose 3*v = -2*j - 2*j + 48, 0 = 3*v + j - 48. Calculate the remainder when k is divided by v.
15
Suppose 4*s - 3 = -11. Let m be 308/(-20) + s/(-5). Calculate the remainder when 34 is divided by (-2 - m/12)*-16.
10
Suppose 27 = 4*q - 5. Suppose 3*r + 7*b - 3*b - 77 = 0, -4 = -2*b. What is the remainder when r is divided by q?
7
Let j = -220 - -311. Suppose 5*s + 2*b - j = 0, -s + 2*b + 4 = -7. Calculate the remainder when s is divided by 9.
8
Let w(l) = -6*l - 6. Let u(y) = -2*y**2 + 3*y - 2. Let i be u(2). What is the remainder when 34 is divided by w(i)?
16
Suppose 0*u - 4*u + 44 = 0. Suppose 2*t - u = -0*t + 5*q, -5*q = 5*t - 45. What is the remainder when 30 is divided by t?
6
Suppose h - 2*c = 6*h, 0 = 4*h - c - 13. Let g(o) = 3*o - 1. Calculate the remainder when h is divided by g(1).
0
Let i(u) = 2*u**2 + 4*u + 2. Let c be i(-2). What is the remainder when 22 is divided by (-1)/(c/(-24)) - 0?
10
Calculate the remainder when 12 is divided by -3 + 2 + 4 - -5.
4
Suppose 0*o - 1214 = 2*k - 2*o, 0 = o + 2. What is the remainder when k/(-14)*(-4)/(-6) is divided by 8?
5
Suppose -3*a - 2*a = -140. Calculate the remainder when a is divided by 5.
3
Let l(w) = 14*w - 3. Let s be l(4). Let r be (3/2)/(3/4). Suppose r*q + 7 = s. Calculate the remainder when q is divided by 8.
7
Suppose 5*d = 9*d - 16. Suppose 5*m + 81 - 4 = d*u, -52 = -2*u - 2*m. What is the remainder when u is divided by 9?
5
Let z = -5 + 5. Suppose z*l = -5*l + 50. What is the remainder when (1 - -3)/(4/l) is divided by 6?
4
Let v(s) = s - 1. Let f(d) = d**2 - 6*d + 5. Let o(b) = -f(b) + 3*v(b). Let n be o(6). Let y = n + 15. Calculate the remainder when 48 is divided by y.
23
Calculate the remainder when 38 is divided by ((-2)/(-6))/(5/300).
18
Let q(d) = d**3 - 3*d**2 + d. Let r be q(2). What is the remainder when 15*(-5)/(-15) - -1 is divided by 4/((-1)/r*2)?
2
Suppose 18 = -0*d + 3*d. Suppose -3*z - 4*h + 48 + 10 = 0, 0 = -z + 2*h + d. What is the remainder when z is divided by 1 - 1*1*-4?
4
Suppose -3*v = -6*v. Suppose 3*i - 2*z + 4*z - 24 = v, 2*i + 4*z - 8 = 0. What is the remainder when 29 is divided by i?
9
Let f(a) = a**3 - a**2 + a + 7. Let o be f(0). Suppose -3*u + o = -80. Calculate the remainder when u is divided by 10.
9
Let m = 1 - -2. Suppose -m*w + 15 = -0*w. What is the remainder when w is divided by 2?
1
Suppose -5*f + 6 = 21, 0 = -2*n - f + 17. Calculate the remainder when 27 is divided by n.
7
Let y = 115 + -53. What is the remainder when y is divided by (14/4)/(23/138)?
20
What is the remainder when (4/(-8))/((-4)/192) is divided by (-24 - 3)*1/(-3)?
6
Let d(j) be the third derivative of 2*j**2 + 0 + 0*j + 1/8*j**4 - 1/3*j**3. Calculate the remainder when d(4) is divided by 4.
2
Suppose 5*a - 96 = a. Calculate the remainder when 69 is divided by a.
21
What is the remainder when -4*(-4)/16 - -6 is divided by (50/40)/((-2)/(-8))?
2
Let g(b) = 2*b - 1. Let q(d) = d**3 + 7*d**2 + 6*d + 8. Let j be q(-6). Calculate the remainder when 29 is divided by g(j).
14
Let l = -19 + 80. Calculate the remainder when l is divided by 31.
30
Suppose 0 = 5*l + 5*c - 180, -2*c = 5*l + 12 - 207. Suppose n - 28 = -2*g - n, -n + 28 = 2*g. Calculate the remainder when l is divided by g.
13
Let z(p) = -2*p. Calculate the remainder when 19 is divided by z(-2).
3
Calculate the remainder when 2 - -15*20/6 is divided by 11.
8
Suppose 130 = -5*d - 145. Let n = 157 + d. Suppose 2*i = -i + n. Calculate the remainder when i is divided by 12.
10
What is the remainder when 43 is divided by 2*3/2 + 20?
20
Let i be (-8)/(-3) + (-4)/6. Suppose 5*p - i = 3*p. Calculate the remainder when 10/8 - 2/8 is divided by p.
0
Let q(u) = u - 16. Let p be q(7). Let a(k) = 2*k + 11 + 6 - 2*k + k. Calculate the remainder when a(p) is divided by 5.
3
Suppose -k + 28 = -p, 2*p = -5*k + 3*p + 128. What is the remainder when 46 is divided by k?
21
Suppose 25 = -3*a + 88. Calculate the remainder when 73 is divided by a.
10
Suppose 4*a - 9*a = -80. What is the remainder when 30 is divided by a?
14
Suppose 0 = -f - 2*d, 5*d = 3*f + d - 50. Suppose 3*j - 2*j = 3. Calculate the remainder when f is divided by j.
1
Suppose -5 = -5*y + 5. Suppose -y*x = -7*x + 180. Suppose x = 3*p + 3*n, 37 = 4*p + n - 8. What is the remainder when p is divided by 4?
3
Suppose 4*g - 22 = -n + 3, -g + 4*n = -2. Let r(d) = 4*d - 4. What is the remainder when 38 is divided by r(g)?
18
Let j(m) = m**3 - 11*m**2 + 16*m - 14. Calculate the remainder when j(10) is divided by 16.
14
Let a = 2 - 2. Suppose -3*i + 6*i - 6 = a. Suppose 3*l - 9 = i*l. Calculate the remainder when 17 is divided by l.
8
Let r = 1 - -3. Let i = 1 + r. Suppose -2 = -c + 11. What is the remainder when c is divided by i?
3
Let k(p) = -5*p + 0*p + 2*p + 11 + 2*p. Let n be k(9). Suppose 0 = -n*h + 16 - 4. What is the remainder when 10 is divided by h?
4
Let w be 2*((-46)/4 + 2). Let c = w + 28. Suppose 0 = 4*z - 157 + c. Calculate the remainder when z is divided by 13.
11
Let t = -78 - -83. Let x be 8/3*27/6. Suppose -4*s + w = -3*s - x, 4*s - 2*w - 50 = 0. Calculate the remainder when s is divided by t.
3
Let z(x) = -18*x**3 - x**2. Let c = -19 + 50. Calculate the remainder when c is divided by z(-1).
14
Suppose -48 = -10*c + 6*c. Let g(y) = -6*y + 4. Calculate the remainder when g(-5) is divided by c.
10
Let v(i) = 31*i**2 - i - 1. Calculate the remainder when 153 is divided by v(-1).
29
Let y = 0 - -25. Calculate the remainder when 73 is divided by y.
23
What is the remainder when 48 is divided by (-6)/(-4)*(4 + (-2)/3)?
3
Let b = 20 + 24. Calculate the remainder when b is divided by 24.
20
Suppose -93 = -5*c + 4*f, 3*c + 2*f = 58 + 11. Let y = 63 + -23. Calculate the remainder when y is divided by c.
19
Let m = 459 + -745. Let w = m + 403. Suppose -w = -3*t - 39. What is the remainder when t is divided by 14?
12
Suppose -5*x = -0*x. Let a be x*(-2 + 6/4). Suppose -2*p - p + 3 = a. Calculate the remainder when 2 is divided by p.
0
Let u(i) = -3*i**3 - i**2 + 2*i - 1. Let t be u(1). Let a be 4/t*9/(-6). Suppose a*b = -2*b + 244. What is the remainder when b is divided by 16?
13
Suppose -4*q + 92 = 4*h, 3*h - 151 = -5*q + 7*h. Suppose -y - q = -5*d, 24 = 2*d + 3*y + y. Let p = -8 - -12. Calculate the remainder when d is divided by p.
2
Let o(z) = z**3 + 6*z**2 + z - 4. Calculate the remainder when 28 is divided by o(-5).
12
Let m(d) = d**2 - 2*d - 8. Calculate the remainder when 25 is divided by m(-3).
4
Let o(w) = -w**3 + 4*w**2. Let h = -4 + 4. What is the remainder when 1 + (h - 0) - -16 is divided by o(3)?
8
Suppose -2*w - 5*b = -3 - 0, b = -4*w - 3. Let z be w + 1 + (1 - 8). Let a = z + 16. What is the remainder when a is divided by 5?
4
Calculate the remainder when 133 is divided by (-1)/(2/(-3) - (-62)/102).
14
Suppose 5*v + 7 - 22 = 0. Suppose v = -u + 2*u. Calculate the remainder when 4 is divided by u.
1
Let l(r) = r**3 - 6*r**2 + r - 8. Suppose -6*v = -0*v - 78. Calculate the remainder when l(7) is divided by v.
9
Let j(n) = -n**3 + 3*n**2 + 2*n - 4. Let z be j(3). Suppose -7*o = -z*o - 15. Suppose 70 = o*w + 2*w. What is the remainder when w is divided by 5?
4
What is the remainder when 6/(-21) + (-2536)/(-56) is divided by 10?
5
Suppose 28 = 2*b + 3*k + k, -3*b - 5*k = -37. Let l(p) = p + 2. Let n be l(-6). Let s = n + 10. Calculate the remainder when s is divided by b.
2
Suppose -3*v + d + 39 = 6*d, -3*v + 30 = 2*d. Suppose -i + v + 2 = 0. Calculate the remainder when 28 is divided by i.
8
Let z(s) = -s**3 - 5*s**2 - 5*s + 4. Let j = 89 - 67. What is the remainder when j is divided by z(-4)?
6